 is the hundred thousands digit of 660560?
6
What is the hundreds digit of 2842555?
5
What is the ten thousands digit of 16985204?
8
What is the thousands digit of 222541?
2
What is the thousands digit of 291142?
1
What is the units digit of 38888?
8
What is the thousands digit of 135655?
5
What is the ten millions digit of 13521368?
1
What is the thousands digit of 2305077?
5
What is the ten thousands digit of 1989408?
8
What is the units digit of 6117096?
6
What is the tens digit of 2773216?
1
What is the hundred thousands digit of 628053?
6
What is the units digit of 1706942?
2
What is the units digit of 11344138?
8
What is the hundred thousands digit of 510655?
5
What is the hundreds digit of 155467?
4
What is the millions digit of 1488511?
1
What is the units digit of 7698237?
7
What is the ten thousands digit of 10606448?
0
What is the tens digit of 75095?
9
What is the ten thousands digit of 13157?
1
What is the millions digit of 6738279?
6
What is the hundred thousands digit of 2896699?
8
What is the tens digit of 2094724?
2
What is the tens digit of 817151?
5
What is the hundreds digit of 691580?
5
What is the tens digit of 137790?
9
What is the hundreds digit of 719224?
2
What is the hundreds digit of 3206640?
6
What is the tens digit of 512042?
4
What is the thousands digit of 603692?
3
What is the tens digit of 497250?
5
What is the millions digit of 1563827?
1
What is the thousands digit of 31282?
1
What is the thousands digit of 3830641?
0
What is the thousands digit of 53995?
3
What is the ten thousands digit of 2682728?
8
What is the thousands digit of 5561316?
1
What is the tens digit of 5994447?
4
What is the thousands digit of 1386539?
6
What is the ten thousands digit of 1220394?
2
What is the tens digit of 3381596?
9
What is the hundred thousands digit of 2582462?
5
What is the hundreds digit of 50764?
7
What is the thousands digit of 17076?
7
What is the thousands digit of 87289?
7
What is the hundred thousands digit of 1007630?
0
What is the thousands digit of 612043?
2
What is the hundred thousands digit of 254997?
2
What is the ten millions digit of 11240898?
1
What is the tens digit of 740120?
2
What is the thousands digit of 7962?
7
What is the hundreds digit of 459534?
5
What is the ten thousands digit of 421265?
2
What is the tens digit of 37956563?
6
What is the ten thousands digit of 4628945?
2
What is the units digit of 3901599?
9
What is the hundreds digit of 933962?
9
What is the hundred thousands digit of 576131?
5
What is the hundreds digit of 493344?
3
What is the tens digit of 270908?
0
What is the ten thousands digit of 449287?
4
What is the millions digit of 30721972?
0
What is the hundred thousands digit of 349581?
3
What is the thousands digit of 13603703?
3
What is the hundred thousands digit of 1518970?
5
What is the tens digit of 138462?
6
What is the thousands digit of 98130?
8
What is the tens digit of 2312301?
0
What is the hundreds digit of 321756?
7
What is the ten thousands digit of 358538?
5
What is the thousands digit of 248157?
8
What is the ten thousands digit of 3823721?
2
What is the ten thousands digit of 4999841?
9
What is the hundreds digit of 251912?
9
What is the units digit of 3163243?
3
What is the millions digit of 3575154?
3
What is the tens digit of 9718385?
8
What is the thousands digit of 5911361?
1
What is the thousands digit of 7184950?
4
What is the thousands digit of 745673?
5
What is the hundreds digit of 2029902?
9
What is the units digit of 1166010?
0
What is the hundred thousands digit of 3288223?
2
What is the tens digit of 5636141?
4
What is the hundred thousands digit of 215864?
2
What is the hundred thousands digit of 245393?
2
What is the ten thousands digit of 191566?
9
What is the units digit of 1172122?
2
What is the hundreds digit of 63643?
6
What is the hundred thousands digit of 7169998?
1
What is the thousands digit of 5828357?
8
What is the thousands digit of 16936?
6
What is the ten thousands digit of 89143?
8
What is the thousands digit of 305526?
5
What is the hundreds digit of 2693987?
9
What is the hundreds digit of 312229?
2
What is the hundred thousands digit of 11010332?
0
What is the ten thousands digit of 213519?
1
What is the hundred thousands digit of 2506616?
5
What is the hundreds digit of 35430?
4
What is the tens digit of 202982?
8
What is the tens digit of 1153099?
9
What is the hundreds digit of 1792237?
2
What is the millions digit of 5337957?
5
What is the units digit of 18331131?
1
What is the units digit of 2026500?
0
What is the hundred thousands digit of 1571874?
5
What is the hundred thousands digit of 223241?
2
What is the tens digit of 32115383?
8
What is the millions digit of 1441994?
1
What is the hundred thousands digit of 436634?
4
What is the thousands digit of 48037?
8
What is the tens digit of 567690?
9
What is the units digit of 3456642?
2
What is the hundred thousands digit of 3198727?
1
What is the thousands digit of 172016?
2
What is the hundreds digit of 1902122?
1
What is the units digit of 7698295?
5
What is the units digit of 3350318?
8
What is the thousands digit of 7846304?
6
What is the units digit of 132675?
5
What is the hundred thousands digit of 23624476?
6
What is the hundreds digit of 3314527?
5
What is the ten thousands digit of 362343?
6
What is the ten thousands digit of 111813?
1
What is the hundred thousands digit of 823229?
8
What is the hundred thousands digit of 124449?
1
What is the hundreds digit of 293257?
2
What is the units digit of 360266?
6
What is the tens digit of 401884?
8
What is the thousands digit of 30622?
0
What is the ten thousands digit of 782394?
8
What is the units digit of 333297?
7
What is the ten thousands digit of 908185?
0
What is the units digit of 165704?
4
What is the hundreds digit of 1348519?
5
What is the ten thousands digit of 4272535?
7
What is the hundreds digit of 223945?
9
What is the ten thousands digit of 1033885?
3
What is the hundreds digit of 1477533?
5
What is the hundred thousands digit of 27156954?
1
What is the millions digit of 9144721?
9
What is the units digit of 3248625?
5
What is the thousands digit of 367333?
7
What is the ten millions digit of 11204770?
1
What is the thousands digit of 1539973?
9
What is the hundreds digit of 476032?
0
What is the thousands digit of 4750294?
0
What is the thousands digit of 134913?
4
What is the units digit of 112640?
0
What is the thousands digit of 122995?
2
What is the ten thousands digit of 7483143?
8
What is the ten thousands digit of 835110?
3
What is the tens digit of 2026033?
3
What is the hundreds digit of 913280?
2
What is the thousands digit of 99857?
9
What is the hundred thousands digit of 1156855?
1
What is the thousands digit of 1757754?
7
What is the hundreds digit of 17761514?
5
What is the hundreds digit of 6224112?
1
What is the hundreds digit of 177179?
1
What is the ten thousands digit of 180127?
8
What is the units digit of 64966?
6
What is the thousands digit of 576854?
6
What is the millions digit of 7585059?
7
What is the hundreds digit of 313401?
4
What is the ten thousands digit of 12052456?
5
What is the hundreds digit of 248445?
4
What is the hundreds digit of 767807?
8
What is the thousands digit of 1447490?
7
What is the tens digit of 31451530?
3
What is the tens digit of 15164?
6
What is the hundred thousands digit of 1415814?
4
What is the hundreds digit of 168803?
8
What is the ten millions digit of 27699885?
2
What is the ten thousands digit of 3222279?
2
What is the tens digit of 9531263?
6
What is the ten millions digit of 29348787?
2
What is the tens digit of 4142591?
9
What is the tens digit of 356399?
9
What is the hundreds digit of 2835552?
5
What is the hundred thousands digit of 444676?
4
What is the tens digit of 364590?
9
What is the millions digit of 18716404?
8
What is the ten thousands digit of 1344561?
4
What is the hundred thousands digit of 583334?
5
What is the hundreds digit of 101537?
5
What is the units digit of 304343?
3
What is the hundred thousands digit of 2177497?
1
What is the tens digit of 11829699?
9
What is the millions digit of 1288886?
1
What is the thousands digit of 13416437?
6
What is the hundreds digit of 10390043?
0
What is the ten thousan